{"id":668,"date":"2017-02-02T15:18:55","date_gmt":"2017-02-02T15:18:55","guid":{"rendered":"http:\/\/test.kriesi.at\/enfold-2017\/?page_id=668"},"modified":"2020-08-17T10:08:52","modified_gmt":"2020-08-17T10:08:52","slug":"coming-soon-page","status":"publish","type":"page","link":"https:\/\/www.cordonnerie-chaville.fr\/","title":{"rendered":"Cordonnerie Chaville &#8211; R\u00e9paration chaussures cuir &#8211; semelles &#038; talons femme &#8211; Double de cl\u00e9s"},"content":{"rendered":"<div id='av_section_1'  class='avia-section main_color avia-section-large avia-no-border-styling  avia-full-stretch av-section-color-overlay-active avia-bg-style-fixed  avia-builder-el-0  avia-builder-el-no-sibling   av-minimum-height av-minimum-height-100  container_wrap sidebar_right' style='background-repeat: no-repeat; background-image: url(https:\/\/www.cordonnerie-chaville.fr\/wp-content\/uploads\/2020\/08\/wsi-imageoptim-cordonnerie-chaville-chaussure-300x210.jpg);background-attachment: fixed; background-position: center center;  '  data-section-bg-repeat='stretch' data-av_minimum_height_pc='100'><div class='av-section-color-overlay-wrap'><div class='av-section-color-overlay' style='opacity: 0.7; background-color: #663300; '><\/div><div class='container' ><main  role=\"main\" itemprop=\"mainContentOfPage\"  class='template-page content  av-content-small alpha units'><div class='post-entry post-entry-type-page post-entry-668'><div class='entry-content-wrapper clearfix'>\n<div class=\"flex_column av_one_fifth  flex_column_div first  avia-builder-el-1  el_before_av_three_fifth  avia-builder-el-first  \" ><\/div><div class=\"flex_column av_three_fifth  flex_column_div av-zero-column-padding   avia-builder-el-2  el_after_av_one_fifth  el_before_av_one_fifth  \" style='border-radius:0px; '><p><div  class='avia-image-container avia_animated_image avia_animate_when_almost_visible pop-up av-styling-no-styling    avia-builder-el-3  el_before_av_heading  avia-builder-el-first  avia-align-center '  itemprop=\"image\" itemscope=\"itemscope\" itemtype=\"https:\/\/schema.org\/ImageObject\"  ><div class='avia-image-container-inner'><div class='avia-image-overlay-wrap'><img class='avia_image' src='https:\/\/www.cordonnerie-chaville.fr\/wp-content\/uploads\/2020\/08\/wsi-imageoptim-logo-cordonnerie-chaville-blanc-300x184.png' alt='' title='logo-cordonnerie-chaville-blanc' height=\"184\" width=\"300\"  itemprop=\"thumbnailUrl\"  \/><\/div><\/div><\/div><br \/>\n<div  style='padding-bottom:10px; color:#ffffff;font-size:44px;' class='av-special-heading av-special-heading-h3 custom-color-heading blockquote modern-quote modern-centered  avia-builder-el-4  el_after_av_image  el_before_av_textblock  av-inherit-size '><h3 class='av-special-heading-tag '  itemprop=\"headline\"  >Cordonnier Chaville<br \/> R\u00e9paration Chaussures &#8211; Cl\u00e9s<\/h3><div class='special-heading-border'><div class='special-heading-inner-border' style='border-color:#ffffff'><\/div><\/div><\/div><br \/>\n<section class=\"av_textblock_section \"  itemscope=\"itemscope\" itemtype=\"https:\/\/schema.org\/CreativeWork\" ><div class='avia_textblock  av_inherit_color '  style='color:#ffffff; '  itemprop=\"text\" ><p>Depuis 1981, la <a href=\"https:\/\/www.google.com\/maps\/place\/1068+Avenue+Roger+Salengro,+92370+Chaville\/@48.811993,2.1894598,17z\/data=!3m1!4b1!4m5!3m4!1s0x47e67b8445783a01:0x9c4af8af9ecb6e97!8m2!3d48.8119895!4d2.1916538\"><strong>Cordonnerie du 1068 Avenue Roger Salengro de Chaville<\/strong><\/a> vous accueille pour l&rsquo;<strong>entretien de vos chaussures, la r\u00e9alisation de vos doubles de cl\u00e9s, la r\u00e9paration de vos semelles et talons<\/strong>.<\/p>\n<p>Depuis octobre 2019, une nouvelle g\u00e9n\u00e9ration d&rsquo;artisans perp\u00e9tue un savoir-faire authentique pour des r\u00e9parations aux plus proches de vos besoins. Nous apportons une seconde jeunesse \u00e0 vos chaussures en cuir homme, comme \u00e0 vos talons et chaussures femmes.<\/p>\n<p>Au-del\u00e0 de la cordonnerie, nous r\u00e9alisons \u00e0 la demande vos <strong>doubles de cl\u00e9s<\/strong>, et autres services.<\/p>\n<p>Besoin d&rsquo;un conseil ? Votre <strong>cordonnier \u00e0 Chaville<\/strong> vous attend !<\/p>\n<\/div><\/section><br \/>\n<div  class='avia-gallery  avia-gallery-1 avia_lazyload avia-gallery-animate avia_animate_when_visible  avia-builder-el-6  el_after_av_textblock  avia-builder-el-last '  itemprop=\"image\" itemscope=\"itemscope\" itemtype=\"https:\/\/schema.org\/ImageObject\" ><div class='avia-gallery-thumb'> <a href='https:\/\/www.cordonnerie-chaville.fr\/wp-content\/uploads\/2020\/08\/wsi-imageoptim-cordonnier-chaville.jpg' data-rel='gallery-1' data-prev-img='https:\/\/www.cordonnerie-chaville.fr\/wp-content\/uploads\/2020\/08\/wsi-imageoptim-cordonnier-chaville-495x400.jpg' class='first_thumb lightbox ' data-onclick='1' title='Cordonnier Chaville'  itemprop=\"thumbnailUrl\" ><img data-avia-tooltip='Cordonnier Chaville' src='https:\/\/www.cordonnerie-chaville.fr\/wp-content\/uploads\/2020\/08\/wsi-imageoptim-cordonnier-chaville.jpg' width='800' height='533'  title='cordonnier-chaville' alt='' \/><\/a> <a href='https:\/\/www.cordonnerie-chaville.fr\/wp-content\/uploads\/2020\/08\/wsi-imageoptim-entretien-chaussure-cuir.jpg' data-rel='gallery-1' data-prev-img='https:\/\/www.cordonnerie-chaville.fr\/wp-content\/uploads\/2020\/08\/wsi-imageoptim-entretien-chaussure-cuir-495x400.jpg' class='lightbox ' data-onclick='2' title='Cordonnerie'  itemprop=\"thumbnailUrl\" ><img data-avia-tooltip='Cordonnerie' src='https:\/\/www.cordonnerie-chaville.fr\/wp-content\/uploads\/2020\/08\/wsi-imageoptim-entretien-chaussure-cuir.jpg' width='800' height='533'  title='entretien-chaussure-cuir' alt='' \/><\/a> <a href='https:\/\/www.cordonnerie-chaville.fr\/wp-content\/uploads\/2020\/08\/wsi-imageoptim-reparation-chaussures-cuir.jpg' data-rel='gallery-1' data-prev-img='https:\/\/www.cordonnerie-chaville.fr\/wp-content\/uploads\/2020\/08\/wsi-imageoptim-reparation-chaussures-cuir-495x400.jpg' class='lightbox ' data-onclick='3' title='Entretien Chaussure'  itemprop=\"thumbnailUrl\" ><img data-avia-tooltip='Entretien Chaussure' src='https:\/\/www.cordonnerie-chaville.fr\/wp-content\/uploads\/2020\/08\/wsi-imageoptim-reparation-chaussures-cuir.jpg' width='800' height='553'  title='reparation-chaussures-cuir' alt='' \/><\/a> <a href='https:\/\/www.cordonnerie-chaville.fr\/wp-content\/uploads\/2020\/08\/wsi-imageoptim-reparation-talon-chaussure-femme.jpg' data-rel='gallery-1' data-prev-img='https:\/\/www.cordonnerie-chaville.fr\/wp-content\/uploads\/2020\/08\/wsi-imageoptim-reparation-talon-chaussure-femme-495x400.jpg' class='first_thumb lightbox ' data-onclick='4' title='Talon chaussures femme'  itemprop=\"thumbnailUrl\" ><img data-avia-tooltip='Talon chaussures femme' src='https:\/\/www.cordonnerie-chaville.fr\/wp-content\/uploads\/2020\/08\/wsi-imageoptim-reparation-talon-chaussure-femme.jpg' width='800' height='533'  title='reparation-talon-chaussure-femme' alt='' \/><\/a> <a href='https:\/\/www.cordonnerie-chaville.fr\/wp-content\/uploads\/2020\/08\/wsi-imageoptim-semelles-chaussure-cuir.jpg' data-rel='gallery-1' data-prev-img='https:\/\/www.cordonnerie-chaville.fr\/wp-content\/uploads\/2020\/08\/wsi-imageoptim-semelles-chaussure-cuir-495x400.jpg' class='lightbox ' data-onclick='5' title=''  itemprop=\"thumbnailUrl\" ><img  src='https:\/\/www.cordonnerie-chaville.fr\/wp-content\/uploads\/2020\/08\/wsi-imageoptim-semelles-chaussure-cuir.jpg' width='800' height='532'  title='semelles-chaussure-cuir' alt='' \/><\/a> <a href='https:\/\/www.cordonnerie-chaville.fr\/wp-content\/uploads\/2020\/08\/wsi-imageoptim-talon-chaussure-femme.jpg' data-rel='gallery-1' data-prev-img='https:\/\/www.cordonnerie-chaville.fr\/wp-content\/uploads\/2020\/08\/wsi-imageoptim-talon-chaussure-femme-495x400.jpg' class='lightbox ' data-onclick='6' title='R\u00e9paration Chaussure'  itemprop=\"thumbnailUrl\" ><img data-avia-tooltip='R\u00e9paration Chaussure' src='https:\/\/www.cordonnerie-chaville.fr\/wp-content\/uploads\/2020\/08\/wsi-imageoptim-talon-chaussure-femme.jpg' width='800' height='533'  title='talon-chaussure-femme' alt='' \/><\/a><\/div><\/div><\/p><\/div><div class=\"flex_column av_one_fifth  flex_column_div av-zero-column-padding   avia-builder-el-7  el_after_av_three_fifth  el_before_av_one_fifth  \" style='border-radius:0px; '><\/div><div class=\"flex_column av_one_fifth  flex_column_div first  avia-builder-el-8  el_after_av_one_fifth  el_before_av_three_fifth  column-top-margin\" ><\/div><div class=\"flex_column av_three_fifth  flex_column_div av-zero-column-padding   avia-builder-el-9  el_after_av_one_fifth  el_before_av_one_fifth  column-top-margin\" style='border-radius:0px; '><p><form action=\"https:\/\/www.cordonnerie-chaville.fr\/\" method=\"post\"  class=\"avia_ajax_form av-form-labels-visible   avia-builder-el-10  el_before_av_textblock  avia-builder-el-first  av-custom-form-color av-light-form \" data-avia-form-id=\"1\" data-avia-redirect='' ><h3 class=''>A votre disposition pour toute demande - 01 47 50 83 42<\/h3><fieldset><p class='  first_form  form_element form_element_third' id='element_avia_1_1'><label for=\"avia_1_1\">Nom Pr\u00e9nom <abbr class=\"required\" title=\"requis\">*<\/abbr><\/label> <input name=\"avia_1_1\" class=\"text_input is_empty\" type=\"text\" id=\"avia_1_1\" value=\"\" \/><\/p><p class='  form_element form_element_third' id='element_avia_2_1'><label for=\"avia_2_1\">E-Mail <abbr class=\"required\" title=\"requis\">*<\/abbr><\/label> <input name=\"avia_2_1\" class=\"text_input is_email\" type=\"text\" id=\"avia_2_1\" value=\"\" \/><\/p><p class='  first_form  form_element form_fullwidth' id='element_avia_3_1'><label for=\"avia_3_1\">Num\u00e9ro de T\u00e9l\u00e9phone <abbr class=\"required\" title=\"requis\">*<\/abbr><\/label> <input name=\"avia_3_1\" class=\"text_input is_phone\" type=\"text\" id=\"avia_3_1\" value=\"\" \/><\/p><p class='  first_form  form_element form_fullwidth' id='element_avia_4_1'><label for=\"avia_4_1\" class=\"textare_label hidden textare_label_avia_4_1\">Votre demande<\/label><textarea  name=\"avia_4_1\" class=\"text_area \" cols=\"40\" rows=\"7\" id=\"avia_4_1\" ><\/textarea><\/p><p class=\"hidden\"><input type=\"text\" name=\"avia_5_1\" class=\"hidden \" id=\"avia_5_1\" value=\"\" \/><\/p><p class='   form_element form_fullwidth' id='element_avia_6_1'><span class='value_verifier_label'>2 + 1 = ?<\/span><input name=\"avia_6_1_verifier\" type=\"hidden\" id=\"avia_6_1_verifier\" value=\"774377453\"\/><label for=\"avia_6_1\">Pour prouver que vous \u00eates un humain, donnez le r\u00e9sultat de cette simple op\u00e9ration <abbr class=\"required\" title=\"requis\">*<\/abbr><\/label><input name=\"avia_6_1\" class=\"text_input captcha\" type=\"text\" id=\"avia_6_1\" value=\"\"\/><\/p><p class=\"form_element \"><input type=\"hidden\" value=\"1\" name=\"avia_generated_form1\" \/><input type=\"submit\" value=\"Informez-moi !\" class=\"button\"  data-sending-label=\"Envoi\"\/><\/p><\/fieldset><\/form><div id=\"ajaxresponse_1\" class=\"ajaxresponse ajaxresponse_1 hidden\"><\/div><br \/>\n<section class=\"av_textblock_section \"  itemscope=\"itemscope\" itemtype=\"https:\/\/schema.org\/CreativeWork\" ><div class='avia_textblock  av_inherit_color '  style='font-size:21px; color:#ffffff; '  itemprop=\"text\" ><p>Votre <strong>Cordonnier \u00e0 Chaville<\/strong> est \u00e0 votre service pour l&rsquo;<strong>entretien de vos chaussures en cuir &#8211; la r\u00e9paration de vos talons &#8211; la mise en place de nouvelles semelles &#8211; la r\u00e9alisation de vos doubles de cl\u00e9s &#8211; et tout conseils de cordonnerie.<\/strong><\/p>\n<\/div><\/section><\/p><\/div><div class=\"flex_column av_one_fifth  flex_column_div av-zero-column-padding   avia-builder-el-12  el_after_av_three_fifth  avia-builder-el-last  column-top-margin\" style='border-radius:0px; '><\/div><\/div><\/div><\/main><!-- close content main element --><\/div><\/div><\/div><div id='after_section_1'  class='main_color av_default_container_wrap container_wrap sidebar_right' style=' '  ><div class='container' ><div class='template-page content  av-content-small alpha units'><div class='post-entry post-entry-type-page post-entry-668'><div class='entry-content-wrapper clearfix'>\n","protected":false},"excerpt":{"rendered":"","protected":false},"author":1,"featured_media":0,"parent":629,"menu_order":0,"comment_status":"closed","ping_status":"closed","template":"template-blank.php","meta":[],"yst_prominent_words":[],"_links":{"self":[{"href":"https:\/\/www.cordonnerie-chaville.fr\/index.php\/wp-json\/wp\/v2\/pages\/668"}],"collection":[{"href":"https:\/\/www.cordonnerie-chaville.fr\/index.php\/wp-json\/wp\/v2\/pages"}],"about":[{"href":"https:\/\/www.cordonnerie-chaville.fr\/index.php\/wp-json\/wp\/v2\/types\/page"}],"author":[{"embeddable":true,"href":"https:\/\/www.cordonnerie-chaville.fr\/index.php\/wp-json\/wp\/v2\/users\/1"}],"replies":[{"embeddable":true,"href":"https:\/\/www.cordonnerie-chaville.fr\/index.php\/wp-json\/wp\/v2\/comments?post=668"}],"version-history":[{"count":19,"href":"https:\/\/www.cordonnerie-chaville.fr\/index.php\/wp-json\/wp\/v2\/pages\/668\/revisions"}],"predecessor-version":[{"id":3178,"href":"https:\/\/www.cordonnerie-chaville.fr\/index.php\/wp-json\/wp\/v2\/pages\/668\/revisions\/3178"}],"up":[{"embeddable":true,"href":"https:\/\/www.cordonnerie-chaville.fr\/index.php\/wp-json\/wp\/v2\/pages\/629"}],"wp:attachment":[{"href":"https:\/\/www.cordonnerie-chaville.fr\/index.php\/wp-json\/wp\/v2\/media?parent=668"}],"wp:term":[{"taxonomy":"yst_prominent_words","embeddable":true,"href":"https:\/\/www.cordonnerie-chaville.fr\/index.php\/wp-json\/wp\/v2\/yst_prominent_words?post=668"}],"curies":[{"name":"wp","href":"https:\/\/api.w.org\/{rel}","templated":true}]}}